{"id":80,"date":"2023-01-16T14:46:51","date_gmt":"2023-01-16T17:46:51","guid":{"rendered":"https:\/\/sc33.org.br\/?page_id=80"},"modified":"2025-08-11T11:30:32","modified_gmt":"2025-08-11T14:30:32","slug":"membros-emeritos","status":"publish","type":"page","link":"https:\/\/sc33.org.br\/index.php\/membros-emeritos\/","title":{"rendered":"Membros Em\u00e9ritos"},"content":{"rendered":"\t\t<div data-elementor-type=\"wp-page\" data-elementor-id=\"80\" class=\"elementor elementor-80\">\n\t\t\t\t\t\t<section class=\"elementor-section elementor-top-section elementor-element elementor-element-8f769f0 elementor-section-boxed elementor-section-height-default elementor-section-height-default\" data-id=\"8f769f0\" data-element_type=\"section\">\n\t\t\t\t\t\t<div class=\"elementor-container elementor-column-gap-default\">\n\t\t\t\t\t<div class=\"elementor-column elementor-col-100 elementor-top-column elementor-element elementor-element-cd15096\" data-id=\"cd15096\" data-element_type=\"column\">\n\t\t\t<div class=\"elementor-widget-wrap elementor-element-populated\">\n\t\t\t\t\t\t<div class=\"elementor-element elementor-element-045ce51 elementor-widget elementor-widget-shortcode\" data-id=\"045ce51\" data-element_type=\"widget\" data-widget_type=\"shortcode.default\">\n\t\t\t\t<div class=\"elementor-widget-container\">\n\t\t\t\t\t\t\t<div class=\"elementor-shortcode\"><table class=\"bodyTexto\" border=\"0\" width=\"700\" height=\"600\" cellspacing=\"3\" cellpadding=\"2\"> \n    <tbody>\n        <tr>\n            <td bgcolor=\"#0B2233\" width=\"71%\" height=\"20\">\n                <span style=\"color: #ffffff;\">\n                <b class=\"color-2\">\n                    <b>Membros Em\u00e9ritos<\/b>\n                <\/b>\n                <\/span>\n            <\/td>\n            <td align=\"center\" bgcolor=\"#0B2233\" width=\"29%\">\n                <span class=\"color-2\" style=\"color: #ffffff;\">&nbsp;Data<\/span>\n            <\/td>\n        <\/tr>  \n<tr>\n            <td>\n                <table border=\"0\" cellspacing=\"0\" cellpadding=\"0\">\n                    <tbody>\n                        <tr>\n                            <td>\n                                <img decoding=\"async\" src=\"\" alt width=\"41\" height=\"43\" border=\"0\" hspace=\"5\">\n                            <\/td>\n                            <td>\n                                \"\u00c9rsio Ant\u00f4nio Ferreira Gomes, 33 \u00ba \"\n                                <span class=\"region\">Membro Em\u00e9rito<\/span>\n                            <\/td>\n                        <\/tr>\n                    <\/tbody>\n                <\/table>\n            <\/td>\n            <td align=\"center\">22\/06\/1999<\/td>\n        <\/tr>\n<tr>\n            <td>\n                <table border=\"0\" cellspacing=\"0\" cellpadding=\"0\">\n                    <tbody>\n                        <tr>\n                            <td>\n                                <img decoding=\"async\" src=\"\" alt width=\"41\" height=\"43\" border=\"0\" hspace=\"5\">\n                            <\/td>\n                            <td>\n                                \"Jos\u00e9 Soares Filho, 33 \u00ba \"\n                                <span class=\"region\">Membro Em\u00e9rito \/ Grande Hospitaleiro<\/span>\n                            <\/td>\n                        <\/tr>\n                    <\/tbody>\n                <\/table>\n            <\/td>\n            <td align=\"center\">28\/06\/2006 - 28\/06\/2017<\/td>\n        <\/tr>\n<tr>\n            <td>\n                <table border=\"0\" cellspacing=\"0\" cellpadding=\"0\">\n                    <tbody>\n                        <tr>\n                            <td>\n                                <img decoding=\"async\" src=\"\" alt width=\"41\" height=\"43\" border=\"0\" hspace=\"5\">\n                            <\/td>\n                            <td>\n                                \"Francisco de Assis A. Cascais, 33 \u00ba \"\n                                <span class=\"region\">Membro Em\u00e9rito<\/span>\n                            <\/td>\n                        <\/tr>\n                    <\/tbody>\n                <\/table>\n            <\/td>\n            <td align=\"center\">21\/04\/2004<\/td>\n        <\/tr>\n<tr>\n            <td>\n                <table border=\"0\" cellspacing=\"0\" cellpadding=\"0\">\n                    <tbody>\n                        <tr>\n                            <td>\n                                <img decoding=\"async\" src=\"\" alt width=\"41\" height=\"43\" border=\"0\" hspace=\"5\">\n                            <\/td>\n                            <td>\n                                \"Orlando Marinho da Silva, 33 \u00ba \"\n                                <span class=\"region\">Membro Em\u00e9rito<\/span>\n                            <\/td>\n                        <\/tr>\n                    <\/tbody>\n                <\/table>\n            <\/td>\n            <td align=\"center\">12\/11\/2005<\/td>\n        <\/tr>\n<tr>\n            <td>\n                <table border=\"0\" cellspacing=\"0\" cellpadding=\"0\">\n                    <tbody>\n                        <tr>\n                            <td>\n                                <img decoding=\"async\" src=\"\" alt width=\"41\" height=\"43\" border=\"0\" hspace=\"5\">\n                            <\/td>\n                            <td>\n                                \"Jos\u00e9 Ebram, 33 \u00ba \"\n                                <span class=\"region\">Membro Em\u00e9rito<\/span>\n                            <\/td>\n                        <\/tr>\n                    <\/tbody>\n                <\/table>\n            <\/td>\n            <td align=\"center\">15\/03\/2008<\/td>\n        <\/tr>\n<tr>\n            <td>\n                <table border=\"0\" cellspacing=\"0\" cellpadding=\"0\">\n                    <tbody>\n                        <tr>\n                            <td>\n                                <img decoding=\"async\" src=\"\" alt width=\"41\" height=\"43\" border=\"0\" hspace=\"5\">\n                            <\/td>\n                            <td>\n                                \"Paulo Fernandes da Silveira, 33 \u00ba \"\n                                <span class=\"region\">Membro Em\u00e9rito<\/span>\n                            <\/td>\n                        <\/tr>\n                    <\/tbody>\n                <\/table>\n            <\/td>\n            <td align=\"center\">18\/09\/2008<\/td>\n        <\/tr>\n<tr>\n            <td>\n                <table border=\"0\" cellspacing=\"0\" cellpadding=\"0\">\n                    <tbody>\n                        <tr>\n                            <td>\n                                <img decoding=\"async\" src=\"\" alt width=\"41\" height=\"43\" border=\"0\" hspace=\"5\">\n                            <\/td>\n                            <td>\n                                \"Ailton Elisi\u00e1rio de Souza, 33 \u00ba \"\n                                <span class=\"region\">Membro Em\u00e9rito<\/span>\n                            <\/td>\n                        <\/tr>\n                    <\/tbody>\n                <\/table>\n            <\/td>\n            <td align=\"center\">01\/05\/2013<\/td>\n        <\/tr>\n<tr>\n            <td>\n                <table border=\"0\" cellspacing=\"0\" cellpadding=\"0\">\n                    <tbody>\n                        <tr>\n                            <td>\n                                <img decoding=\"async\" src=\"\" alt width=\"41\" height=\"43\" border=\"0\" hspace=\"5\">\n                            <\/td>\n                            <td>\n                                \"Paulo Fernandes da Silveira, 33 \u00ba \"\n                                <span class=\"region\">Membro Em\u00e9rito<\/span>\n                            <\/td>\n                        <\/tr>\n                    <\/tbody>\n                <\/table>\n            <\/td>\n            <td align=\"center\">06\/06\/2020<\/td>\n        <\/tr>\n<\/tbody>\n<\/table><\/div>\n\t\t\t\t\t\t<\/div>\n\t\t\t\t<\/div>\n\t\t\t\t\t<\/div>\n\t\t<\/div>\n\t\t\t\t\t<\/div>\n\t\t<\/section>\n\t\t\t\t<\/div>\n\t\t","protected":false},"excerpt":{"rendered":"<p>Membros Em\u00e9ritos &nbsp;Data &#8220;\u00c9rsio Ant\u00f4nio Ferreira Gomes, 33 \u00ba &#8220; Membro Em\u00e9rito 22\/06\/1999 &#8220;Jos\u00e9 Soares Filho, 33 \u00ba &#8220; Membro Em\u00e9rito \/ Grande Hospitaleiro 28\/06\/2006 &#8211; 28\/06\/2017 &#8220;Francisco de Assis A. Cascais, 33 \u00ba &#8220; Membro Em\u00e9rito 21\/04\/2004 &#8220;Orlando Marinho da Silva, 33 \u00ba &#8220; Membro Em\u00e9rito 12\/11\/2005 &#8220;Jos\u00e9 Ebram, [&hellip;]<\/p>\n","protected":false},"author":1,"featured_media":65,"parent":0,"menu_order":0,"comment_status":"closed","ping_status":"closed","template":"page-templates\/template-pagebuilder-full-width.php","meta":{"footnotes":""},"class_list":["post-80","page","type-page","status-publish","has-post-thumbnail","hentry"],"_links":{"self":[{"href":"https:\/\/sc33.org.br\/index.php\/wp-json\/wp\/v2\/pages\/80","targetHints":{"allow":["GET"]}}],"collection":[{"href":"https:\/\/sc33.org.br\/index.php\/wp-json\/wp\/v2\/pages"}],"about":[{"href":"https:\/\/sc33.org.br\/index.php\/wp-json\/wp\/v2\/types\/page"}],"author":[{"embeddable":true,"href":"https:\/\/sc33.org.br\/index.php\/wp-json\/wp\/v2\/users\/1"}],"replies":[{"embeddable":true,"href":"https:\/\/sc33.org.br\/index.php\/wp-json\/wp\/v2\/comments?post=80"}],"version-history":[{"count":5,"href":"https:\/\/sc33.org.br\/index.php\/wp-json\/wp\/v2\/pages\/80\/revisions"}],"predecessor-version":[{"id":325,"href":"https:\/\/sc33.org.br\/index.php\/wp-json\/wp\/v2\/pages\/80\/revisions\/325"}],"wp:featuredmedia":[{"embeddable":true,"href":"https:\/\/sc33.org.br\/index.php\/wp-json\/wp\/v2\/media\/65"}],"wp:attachment":[{"href":"https:\/\/sc33.org.br\/index.php\/wp-json\/wp\/v2\/media?parent=80"}],"curies":[{"name":"wp","href":"https:\/\/api.w.org\/{rel}","templated":true}]}}