{"id":68,"date":"2023-01-16T14:43:45","date_gmt":"2023-01-16T17:43:45","guid":{"rendered":"https:\/\/sc33.org.br\/?page_id=68"},"modified":"2025-08-11T11:26:02","modified_gmt":"2025-08-11T14:26:02","slug":"palavra-do-sgc","status":"publish","type":"page","link":"https:\/\/sc33.org.br\/index.php\/palavra-do-sgc\/","title":{"rendered":"Palavra do SGC"},"content":{"rendered":"\n<figure class=\"wp-block-image size-thumbnail is-style-rounded\"><img decoding=\"async\" width=\"150\" height=\"150\" src=\"https:\/\/sc33.org.br\/wp-content\/uploads\/2023\/01\/rosto-150x150.jpg\" alt=\"\" class=\"wp-image-117\"\/><\/figure>\n\n\n\n<p>Meus Irm\u00e3os<\/p>\n\n\n\n<p><\/p>\n\n\n\n<p>A sa\u00fade de uma institui\u00e7\u00e3o deve ser mensurada, principalmente, pela sucess\u00e3o de administra\u00e7\u00f5es dentro do seu pr\u00f3prio crit\u00e9rio estabelecido. A institui\u00e7\u00e3o se renova, evolui e progride naturalmente, sem interrup\u00e7\u00f5es ou solu\u00e7\u00e3o de continuidade n\u00e3o necess\u00e1rias \u00e0 sua continuidade. Assim tem sido as grandes democracias, que ultrapassam as mais graves tormentas sem que essas tragam exce\u00e7\u00f5es \u00e0 norma estabelecida e aceita por seus cidad\u00e3os.<\/p>\n\n\n\n<p>E assim tem sido nosso&nbsp;<strong><em>Supremo Conselho,<\/em>&nbsp;<\/strong>evoluindo no curso natural da vida, tanto humana quanto institucional. A passagem de governo deve ser um ato solene, digno, altivo, consciente. Pequenos ajustes, adapta\u00e7\u00f5es necess\u00e1rias ao tempo em que vivemos e \u00e0 intera\u00e7\u00e3o com a sociedade fraterna em que nosso&nbsp;<strong><em>Supremo Conselho&nbsp;<\/em><\/strong>se insere. \u00c9 apenas um passo \u00e0 frente \u2013 necess\u00e1rio, mas n\u00e3o radical. Festivo, mas discreto. Um amanh\u00e3 que honra, considera e dignifica o ontem. Afinal, h\u00e1 um longo passado a conservar, especialmente em um pa\u00eds onde muito poucas institui\u00e7\u00f5es podem gabar-se de estar \u00e0s v\u00e9speras de comemorar 190 anos.<\/p>\n\n\n\n<p>Como neste&nbsp;<em>Admir\u00e1vel Mundo Novo<\/em>&nbsp;encurtado pelas comunica\u00e7\u00f5es, o&nbsp;<strong><em>Supremo Conselho&nbsp;<\/em><\/strong>tem a seu dispor um tremendo ferramental administrativo que pode e ser\u00e1 usado para agilizar seus processos. Da mesma forma, as comunica\u00e7\u00f5es exponenciaram as possibilidades de pesquisa e aperfei\u00e7oamento na ritual\u00edstica do&nbsp;<em>Rito Escoc\u00eas Antigo e Aceito.&nbsp;<\/em>O resultado dessas pesquisas em breve teremos incorporado aos nossos rituais, um velho sonho.<\/p>\n\n\n\n<p>Enfim, n\u00e3o estamos dizendo adeus ao passado, mas incorporando ao acervo que ele criou toda a potencialidade do moderno, sem criar hiatos, sem ferir nossa tradi\u00e7\u00e3o e fiel \u00e0 regularidade do Rito e ao reconhecimento de todos os&nbsp;<em>Supremos Conselhos<\/em><br>regulares do mundo.<\/p>\n\n\n\n<p>Este \u00e9 o nosso desafio e nosso compromisso.<\/p>\n\n\n\n<p>A voc\u00eas, meus irm\u00e3os,<br>meu respeito e minha dedica\u00e7\u00e3o.<\/p>\n\n\n\n<p>Jorge Luiz de Andrade Lins, 33 \u00b0<br>Soberano Grande Comendador<\/p>\n","protected":false},"excerpt":{"rendered":"<p>Meus Irm\u00e3os A sa\u00fade de uma institui\u00e7\u00e3o deve ser mensurada, principalmente, pela sucess\u00e3o de administra\u00e7\u00f5es dentro do seu pr\u00f3prio crit\u00e9rio estabelecido. A institui\u00e7\u00e3o se renova, evolui e progride naturalmente, sem interrup\u00e7\u00f5es ou solu\u00e7\u00e3o de continuidade n\u00e3o necess\u00e1rias \u00e0 sua continuidade. Assim tem sido as grandes democracias, que ultrapassam as mais [&hellip;]<\/p>\n","protected":false},"author":1,"featured_media":65,"parent":0,"menu_order":0,"comment_status":"closed","ping_status":"closed","template":"","meta":{"footnotes":""},"class_list":["post-68","page","type-page","status-publish","has-post-thumbnail","hentry"],"_links":{"self":[{"href":"https:\/\/sc33.org.br\/index.php\/wp-json\/wp\/v2\/pages\/68","targetHints":{"allow":["GET"]}}],"collection":[{"href":"https:\/\/sc33.org.br\/index.php\/wp-json\/wp\/v2\/pages"}],"about":[{"href":"https:\/\/sc33.org.br\/index.php\/wp-json\/wp\/v2\/types\/page"}],"author":[{"embeddable":true,"href":"https:\/\/sc33.org.br\/index.php\/wp-json\/wp\/v2\/users\/1"}],"replies":[{"embeddable":true,"href":"https:\/\/sc33.org.br\/index.php\/wp-json\/wp\/v2\/comments?post=68"}],"version-history":[{"count":4,"href":"https:\/\/sc33.org.br\/index.php\/wp-json\/wp\/v2\/pages\/68\/revisions"}],"predecessor-version":[{"id":119,"href":"https:\/\/sc33.org.br\/index.php\/wp-json\/wp\/v2\/pages\/68\/revisions\/119"}],"wp:featuredmedia":[{"embeddable":true,"href":"https:\/\/sc33.org.br\/index.php\/wp-json\/wp\/v2\/media\/65"}],"wp:attachment":[{"href":"https:\/\/sc33.org.br\/index.php\/wp-json\/wp\/v2\/media?parent=68"}],"curies":[{"name":"wp","href":"https:\/\/api.w.org\/{rel}","templated":true}]}}