{"id":66,"date":"2023-01-16T14:10:34","date_gmt":"2023-01-16T17:10:34","guid":{"rendered":"https:\/\/sc33.org.br\/?page_id=66"},"modified":"2026-03-23T15:53:41","modified_gmt":"2026-03-23T18:53:41","slug":"calendario-de-eventos","status":"publish","type":"page","link":"https:\/\/sc33.org.br\/index.php\/calendario-de-eventos\/","title":{"rendered":"Calend\u00e1rio"},"content":{"rendered":"\t\t<div data-elementor-type=\"wp-page\" data-elementor-id=\"66\" class=\"elementor elementor-66\">\n\t\t\t\t\t\t<section class=\"elementor-section elementor-top-section elementor-element elementor-element-69924ba4 elementor-section-boxed elementor-section-height-default elementor-section-height-default\" data-id=\"69924ba4\" data-element_type=\"section\">\n\t\t\t\t\t\t<div class=\"elementor-container elementor-column-gap-default\">\n\t\t\t\t\t<div class=\"elementor-column elementor-col-100 elementor-top-column elementor-element elementor-element-652fc9dc\" data-id=\"652fc9dc\" data-element_type=\"column\">\n\t\t\t<div class=\"elementor-widget-wrap elementor-element-populated\">\n\t\t\t\t\t\t<div class=\"elementor-element elementor-element-cee8164 elementor-widget__width-initial elementor-widget elementor-widget-text-editor\" data-id=\"cee8164\" data-element_type=\"widget\" data-widget_type=\"text-editor.default\">\n\t\t\t\t<div class=\"elementor-widget-container\">\n\t\t\t\t\t\t\t\t\t<style>\n    table {\n        width: 100%;\n        border-collapse: collapse;\n        font-family: \"Segoe UI\", Arial, sans-serif;\n        background-color: #fff;\n    }\n\n    td {\n        padding: 10px;\n        border: 1px solid #ddd;\n        vertical-align: top;\n    }\n\n    \/* C\u00e9lulas de data *\/\n    tr td:first-child {\n        width: 130px;\n        text-align: center;\n        background-color: #720404;\n        color: #fff;\n        font-weight: bold;\n        transition: background-color 0.3s ease;\n    }\n\n    \/* C\u00e9lula de t\u00edtulo de ano *\/\n    tr td[colspan=\"2\"] {\n        background-color: #720404;\n        color: #fff;\n        text-align: center;\n        font-size: 1.4em;\n        padding: 12px 0;\n    }\n\n    \/* Efeito hover apenas nas c\u00e9lulas de texto, n\u00e3o nas datas *\/\n    tr:hover td:not(:first-child) {\n        background-color: #f5f5f5;\n    }\n\n    strong {\n        color: inherit;\n    }\n\n    \/* \ud83d\udd39 Responsividade *\/\n    @media (max-width: 600px) {\n\n        table,\n        tbody,\n        tr,\n        td {\n            display: block;\n            width: 100%;\n        }\n\n        tr td:first-child {\n            width: 100%;\n            border-bottom: none;\n            padding: 8px 0;\n        }\n\n        tr td:nth-child(2) {\n            border-top: none;\n            padding: 8px 0;\n        }\n\n        td {\n            border: none;\n        }\n\n        tr td[colspan=\"2\"] {\n            font-size: 1.2em;\n        }\n    }\n<\/style>\n\n\n<table>\n    <tbody>\n        <tr>\n            <td colspan=\"2\">\n                <h2><b>2026<\/b><\/h2>\n            <\/td>\n        <\/tr>\n            <td><strong>18\/ABR<\/strong><\/td>\n            <td>\n                <strong>Investidura no Grau 33 \u2013 Goiania \/ 1\u00aa GO<\/strong><br>\n                <strong>Contato:<\/strong> JOS\u00c9 CARLOS FERREIRA DOS SANTOS, 33\u00ba<br>\n                <strong>Tel:<\/strong> (62) 98423-8120<br>\n                <strong>E-mail:<\/strong> secretaria@pilego.org.br\n            <\/td>\n        <\/tr>\n        <tr>\n            <td><strong>21\/ABR<\/strong><\/td>\n            <td>\n                <strong>Investidura no Grau 33 \u2013 Cuiab\u00e1 \/ 1\u00aa MT<\/strong><br>\n                <strong>Contato:<\/strong> AFONSO HENRIQUE DE OLIVEIRA, 33\u00ba<br>\n                <strong>Tel:<\/strong> (65) 99983-1820<br>\n                <strong>E-mail:<\/strong> inspetorialiturgicamt@gmail.com\n            <\/td>\n        <\/tr>\n        <tr>\n            <td><strong>02\/MAI<\/strong><\/td>\n            <td>\n                <strong>Investidura no Grau 33 \u2013 Belo Horizonte \/ 1\u00aa MG<\/strong><br>\n                <strong>Contato:<\/strong> JOS\u00c9 AM\u00c2NCIO DE LIMA, 33\u00ba<br>\n                <strong>Tel:<\/strong> (31) 99613-9840<br>\n                <strong>E-mail:<\/strong>jamancio33@gmail.com\n            <\/td>\n        <\/tr>\n        <tr>\n            <td><strong>29\/AGO<\/strong><\/td>\n            <td>\n                <strong>Investidura no Grau 33 \u2013 Vit\u00f3ria da Conquista \/ 6\u00aa BA<\/strong><br>\n                <strong>Contato:<\/strong> JOS\u00c9 S\u00cdLVIO BULH\u00d5ES, 33\u00ba <br>\n                <strong>Tel:<\/strong>(77) 99991-7509<br>\n                <strong>E-mail:<\/strong> sextainspetorialiturgica_ba@hotmail.com\n            <\/td>\n        <\/tr>\n        <tr>\n            <td><strong>05\/SET<\/strong><\/td>\n            <td>\n                <strong>Investidura no Grau 33 \u2013 Porto Alegre \/ 1\u00aa RS<\/strong><br>\n                <strong>Contato:<\/strong>JOS\u00c9 WOHLGEMUTH KOELZER NETO, 33\u00ba <br>\n                <strong>Tel:<\/strong> (51) 99968-4659<br>\n                <strong>E-mail:<\/strong> jwkn1940@gmail.com\n            <\/td>\n        <\/tr>\n        <tr>\n            <td><strong>12\/SET<\/strong><\/td>\n            <td>\n                <strong>Investidura no Grau 33 \u2013 Casc\u00e1vel \/ 4\u00aa PR<\/strong><br>\n                <strong>Contato:<\/strong> MANOEL PEREIRA GOES, 33\u00ba<br>\n                <strong>Tel:<\/strong> (45) 99971-2062<br>\n                <strong>E-mail:<\/strong> goescontabilidadecvel@gmail.com\n            <\/td>\n        <\/tr>\n        <tr>\n            <td><strong>19\/SET<\/strong><\/td>\n            <td>\n                <strong>Investidura no Grau 33 \u2013 Ribeir\u00e3o Preto \/ 11\u00aa SP<\/strong><br>\n                <strong>Contato:<\/strong> ANT\u00d4NIO AUGUSTO SALLES PASCHOAL, 33\u00ba<br>\n                <strong>Tel:<\/strong> (16) 99157-2357<br>\n                <strong>E-mail:<\/strong> inspetor@inspetorialiturgica.org.br\n            <\/td>\n        <\/tr>\n        <tr>\n            <td><strong>17\/OUT<\/strong><\/td>\n            <td>\n                <strong>Investidura no Grau 33 \u2013 Florian\u00f3polis \/ 2\u00aa SC<\/strong><br>\n                <strong>Contato:<\/strong> ADAIRSO LAERTE NIENKOETTER, 33\u00ba<br>\n                <strong>Tel:<\/strong> (48) 99961-6515<br>\n                <strong>E-mail:<\/strong> adairsoln@gmail.com\n            <\/td>\n        <\/tr>\n        <tr>\n            <td><strong>31\/OUT<\/strong><\/td>\n            <td>\n                <strong>Investidura no Grau 33 \u2013 Fortaleza \/ 1\u00aa CE<\/strong><br>\n                <strong>Contato:<\/strong> JOS\u00c9 LINHARES DE VASCONCELOS FILHO, 33\u00ba<br>\n                <strong>Tel:<\/strong> (85) 99272-4491<br>\n                <strong>E-mail:<\/strong> insplit.ce@hotmail.com\n            <\/td>\n        <\/tr>\n        <tr>\n            <td><strong>14\/NOV<\/strong><\/td>\n            <td>\n                <strong>Investidura no Grau 33 \u2013 Rio de Janeiro \/ 1\u00aa RJ<\/strong><br>\n                <strong>Contato:<\/strong> GRANDE SECRETARIA<br>\n                <strong>Tel:<\/strong> (21) 3369-8000<br>\n                <strong>E-mail:<\/strong> secretaria@sc33.org.br\n            <\/td>\n        <\/tr>\n        <tr>\n            <td><strong>05\/DEZ<\/strong><\/td>\n            <td>\n                <strong>Investidura no Grau 33 \u2013 S\u00e3o Paulo \/ 1\u00aa SP<\/strong><br>\n                <strong>Contato:<\/strong> ANTONIO CARLOS DE SOUZA, 33\u00ba<br>\n                <strong>Tel:<\/strong> (13) 99713-7580<br>\n                <strong>E-mail:<\/strong> secretaria@sc33.org.br\n            <\/td>\n        <\/tr>\n    <\/tbody>\n<\/table>\t\t\t\t\t\t\t\t<\/div>\n\t\t\t\t<\/div>\n\t\t\t\t\t<\/div>\n\t\t<\/div>\n\t\t\t\t\t<\/div>\n\t\t<\/section>\n\t\t\t\t<\/div>\n\t\t","protected":false},"excerpt":{"rendered":"<p>2026 18\/ABR Investidura no Grau 33 \u2013 Goiania \/ 1\u00aa GO Contato: JOS\u00c9 CARLOS FERREIRA DOS SANTOS, 33\u00ba Tel: (62) 98423-8120 E-mail: secretaria@pilego.org.br 21\/ABR Investidura no Grau 33 \u2013 Cuiab\u00e1 \/ 1\u00aa MT Contato: AFONSO HENRIQUE DE OLIVEIRA, 33\u00ba Tel: (65) 99983-1820 E-mail: inspetorialiturgicamt@gmail.com 02\/MAI Investidura no Grau 33 \u2013 [&hellip;]<\/p>\n","protected":false},"author":1,"featured_media":65,"parent":0,"menu_order":0,"comment_status":"closed","ping_status":"closed","template":"","meta":{"footnotes":""},"class_list":["post-66","page","type-page","status-publish","has-post-thumbnail","hentry"],"_links":{"self":[{"href":"https:\/\/sc33.org.br\/index.php\/wp-json\/wp\/v2\/pages\/66","targetHints":{"allow":["GET"]}}],"collection":[{"href":"https:\/\/sc33.org.br\/index.php\/wp-json\/wp\/v2\/pages"}],"about":[{"href":"https:\/\/sc33.org.br\/index.php\/wp-json\/wp\/v2\/types\/page"}],"author":[{"embeddable":true,"href":"https:\/\/sc33.org.br\/index.php\/wp-json\/wp\/v2\/users\/1"}],"replies":[{"embeddable":true,"href":"https:\/\/sc33.org.br\/index.php\/wp-json\/wp\/v2\/comments?post=66"}],"version-history":[{"count":354,"href":"https:\/\/sc33.org.br\/index.php\/wp-json\/wp\/v2\/pages\/66\/revisions"}],"predecessor-version":[{"id":1315,"href":"https:\/\/sc33.org.br\/index.php\/wp-json\/wp\/v2\/pages\/66\/revisions\/1315"}],"wp:featuredmedia":[{"embeddable":true,"href":"https:\/\/sc33.org.br\/index.php\/wp-json\/wp\/v2\/media\/65"}],"wp:attachment":[{"href":"https:\/\/sc33.org.br\/index.php\/wp-json\/wp\/v2\/media?parent=66"}],"curies":[{"name":"wp","href":"https:\/\/api.w.org\/{rel}","templated":true}]}}